 -14 + 2. Let u be i*((-60)/(-9) - 2). List the prime factors of u/(-35) - (-2)/5.
2
Let h(s) = -27*s - 3. Suppose 0 = 5*g + 5 - 125. Let j = 22 - g. List the prime factors of h(j).
3, 17
Let l(k) = -46*k**2 + 3*k + 7. Let x be l(-11). List the prime factors of (-4)/66*3 - x/22.
2, 127
Let b(f) = -2*f + 9. Let o be (-9)/(-15) + 12/5. Let d = o - 3. List the prime factors of b(d).
3
Let l(n) = -n**2 - 2*n + 3. Let h be l(0). Suppose -u = 3*x - 97, 2*u + h*x - 2*x - 189 = 0. List the prime factors of u.
2, 47
Let t = -1 + 4. Suppose 5*q - 18 = -t. Suppose -q*m + 26 = -58. List the prime factors of m.
2, 7
Let x = 11 + 23. Let c = x + -19. List the prime factors of c.
3, 5
Let c(v) = v**2 + v - 8. Let o be c(0). Let i = -4 - o. Suppose -g + 7 = f - 0*f, -i*f = -2*g + 20. What are the prime factors of g?
2
Let a = -82 - -152. Suppose v - a = 21. List the prime factors of v.
7, 13
Let j(p) = -695*p - 131. List the prime factors of j(-5).
2, 11, 19
Let x(b) = 13*b + 6*b - 246 + 208. List the prime factors of x(9).
7, 19
Let w be (-2)/4 + (-2325)/(-30). Let a = w + -40. What are the prime factors of a?
37
Suppose -3*d - d = -f - 3879, 3*d - 5*f = 2922. What are the prime factors of d?
3, 17, 19
Suppose 0 = 5*y - 3*y - 594. Suppose -6*v - y = -9*v. What are the prime factors of v?
3, 11
Let r = -1538 - -2349. List the prime factors of r.
811
Let k = 979 - 1716. Let u = k + 1046. What are the prime factors of u?
3, 103
What are the prime factors of -6*(20658/36)/(-11)?
313
Let j(y) = -7*y - 18. Let d(h) = 6*h + 18. Let s(w) = 6*d(w) + 5*j(w). Let r be s(0). List the prime factors of 1*(r/3)/2.
3
Let f(a) = -2*a**3 + 5*a**2 + 8*a + 15. Let n be f(-5). What are the prime factors of (-2)/(-4) - n/(-20)?
2, 3
Suppose -3*b + 747 = y, 3*b = y - 53 - 724. What are the prime factors of y?
2, 3, 127
Suppose 0 = -16*r + 63998 + 8642. What are the prime factors of r?
2, 5, 227
Let u = 0 + 0. Let o = 4 - 1. Suppose u*n + 27 = o*n. List the prime factors of n.
3
Let w be 2 - (-2 - -4 - -3). Let d be (-1)/(w - (-88)/30). Suppose 4*t - 49 - d = 0. What are the prime factors of t?
2
Let h(d) = -d**3 - 11*d**2 - 7*d - 5. Let m be h(-10). Let b = 70 + m. List the prime factors of b.
5, 7
Suppose -14 + 422 = -3*x. Let o be (-6)/9 + x/12. Let g = o - -19. List the prime factors of g.
7
What are the prime factors of (-2275)/35*(-2 + (-49)/5)?
13, 59
Let i be 6/21 - (-244)/28. Suppose -5*h - i = 3*t - 36, -4 = 2*t - 4*h. Suppose -t*y + 30 = 5*j, -y - 24 = -4*j + 2*y. What are the prime factors of j?
2, 3
Let t(s) = -s**3 + 32*s**2 + 55*s + 68. List the prime factors of t(33).
2, 397
Suppose 14*d - 2096 = 6402. List the prime factors of d.
607
Let r(q) = q**2 - 4*q - 25. What are the prime factors of r(21)?
2, 83
Let r be 3/24 - (-93)/24. Suppose r*o - 356 = 2*w, o + 3*w - 62 = 13. What are the prime factors of o?
3, 29
Suppose -12145 - 3455 = -8*x. List the prime factors of x.
2, 3, 5, 13
Suppose -p = -f - 8, 5*p + 5*f - 10 = -0*p. Suppose -2 = -4*n + p*n, 4*n + 380 = 2*j. What are the prime factors of j?
2, 3, 31
Suppose -49*f - 825 = -54*f. Let d = -69 + f. What are the prime factors of d?
2, 3
Let p = 3 - 18. Let m = -15 - p. Suppose -6*z + 3*z + 108 = m. What are the prime factors of z?
2, 3
Let x(y) = y - 4. Let h be x(-17). Let l be (-6)/h + 976/14. Suppose -6*b + 8 = -l. List the prime factors of b.
13
Let z(n) = n**3 - 9*n**2 + 23*n - 4. What are the prime factors of z(14)?
2, 11, 59
Let v(d) = -3*d - 2. Let r be v(-2). Suppose -r*w + 3*l + 4 = 5*l, 0 = -2*w + 2*l + 14. What are the prime factors of (-4)/3*w - -26?
2, 11
Let n be 24966/27 - (15/9 + -1). Suppose 4*c = 8*c - n. What are the prime factors of c?
3, 7, 11
Suppose 0 = 2*s + 4*s + 5*s. Let b(a) = 2*a**3 - 4*a**2 + 3*a - 1. Let l be b(4). Suppose l = 3*y - s. List the prime factors of y.
5
Suppose -4*h + 5 = -3*h. Suppose 25 = 3*y + 4*g, -10 = -h*g + 10. List the prime factors of 27*-1*y/(-9).
3
Let h(x) = -7*x - 6. Suppose -u + 3*u + 10 = 0. Let d(j) = -6*j - 5. Let s(t) = u*d(t) + 4*h(t). What are the prime factors of s(4)?
3
Let b(t) be the third derivative of 0 + 1/3*t**3 - 2*t**2 + 1/2*t**4 + 0*t. List the prime factors of b(2).
2, 13
Let c(i) = -2*i**2 + 1. Let j be c(-1). Let t(h) = 4*h**3 - 3*h**2 - 5*h + 6. Let d be t(2). List the prime factors of (10 + -11)/(j/d).
2
Let u be -3 + (-21)/(-6) + 1865/(-10). Let r = -125 - u. List the prime factors of r.
61
Suppose 3*f - 7*f = 56. List the prime factors of 7/f*(-426)/3.
71
Let p be (3 - 14/6)*-3. Let b(n) = 11*n**2 + n + 3. Let a be b(p). List the prime factors of 2/5 - (-162)/a.
2
Suppose -x + 64 - 38 = 0. Suppose 0 = -15*y - x + 236. What are the prime factors of y?
2, 7
Let o = -53 - -51. List the prime factors of o/6 + 1/(-3)*-661.
2, 5, 11
Let t be 16/(-6)*(-54)/72. Suppose -5*b + 75 = p, p - 88 + 27 = t*b. List the prime factors of p.
5, 13
Let x(g) = 8*g**2 - 13*g + 5. Let d(s) = 7*s**2 - 12*s + 5. Let m(q) = 6*d(q) - 5*x(q). Let i be m(4). List the prime factors of 1/(-3) + 228/i.
5
Suppose -5*s + 2*w + 20 = -11, 0 = -4*w - 12. Suppose s*c = -0*t - 4*t + 659, 2*c - 5*t = 290. List the prime factors of c.
3, 5
Let n(t) = -36*t - 1. What are the prime factors of n(-12)?
431
Suppose 0 = -v - 42 - 40. Let y = 136 + v. List the prime factors of y.
2, 3
Let u = -1320 + 1670. List the prime factors of u.
2, 5, 7
Suppose 5*i - 2 = -262. What are the prime factors of i/(((-51)/17)/(66/4))?
2, 11, 13
Let r = -72 - -39. List the prime factors of (r/1)/(-2*(-9)/(-24)).
2, 11
Suppose 2*f - 4*o - 5 = 5, -5*f - 4*o + 95 = 0. Suppose f*b = 14*b - 68. Let q = b - -101. What are the prime factors of q?
3, 11
Suppose -2*o - 7*w + 11*w + 68 = 0, 5*w - 6 = -o. List the prime factors of o.
2, 13
Suppose 0 = -z - 6 + 3. Let v(f) = -f**3 - 2*f**2 + 4*f + 5. Let l be v(z). Let n = 20 - l. List the prime factors of n.
2, 3
Let l(i) = -71*i - 16. Let k be l(3). Let y = -93 - k. List the prime factors of y.
2, 17
Let c(p) = 3. Let t(x) = -2 + 2 - 190*x + 191*x. Let m(v) = -c(v) + 3*t(v). List the prime factors of m(3).
2, 3
Suppose 20 - 8 = 6*t. Suppose -4*s - 2*p + 90 = 0, -t*p + 0 = 10. Suppose b + s = 4*l + 72, -2*b + 58 = l. What are the prime factors of b?
31
Let g = 1179 + -637. List the prime factors of g.
2, 271
Let m(c) = 102*c + 82. List the prime factors of m(2).
2, 11, 13
What are the prime factors of ((-650)/6 - 3)/(3/(-9))?
2, 167
Let g = 745 + 410. What are the prime factors of g?
3, 5, 7, 11
Let t(u) be the second derivative of u**4/12 + u**2 + 11*u. Let v be t(0). List the prime factors of 1*v*(27 - 1).
2, 13
Suppose 0 = -5*k + 1705. What are the prime factors of k?
11, 31
Suppose 7*n - 2666 - 92 = 0. What are the prime factors of n?
2, 197
Let c = 19 - 16. Suppose -c*g = 15 - 123. List the prime factors of g.
2, 3
Let a(z) = -12*z - 24. Let b be a(-8). Let h = 167 - b. List the prime factors of h.
5, 19
Let u be (-14)/(-6) + (-7)/21. Suppose 5*p = 5*n - 4*n, 3*p = u*n. Let j = 22 - p. List the prime factors of j.
2, 11
Suppose 2*b = -218 + 1160. List the prime factors of b.
3, 157
Suppose 46398 = 11*h + 8*h. List the prime factors of h.
2, 3, 11, 37
Suppose -33 + 201 = 6*r. What are the prime factors of r?
2, 7
Let s be (3 + -3)/((-6)/3). Let f = -4 - s. What are the prime factors of 1*-10*22/f?
5, 11
Let k(x) = -x**2 - 4*x + 5. Let i be k(-3). What are the prime factors of 60 - 6/i*(-9 - -5)?
3, 7
Let l(k) = -k**3 + 10*k**2 - 8*k - 7. Let j be l(9). Suppose 0 = -j*c + 5 + 5. Let a = 7 + c. What are the prime factors of a?
2, 3
What are the prime factors of ((-3294)/(-4))/(7 - (-125)/(-20))?
2, 3, 61
List the prime factors of 0/(-3) - (-2480 - (4 + 3)).
3, 829
Let g(i) = -3 + 13*i + 2*i**2 + 2 - 3*i**2 - 3. Let z be g(13). What are the prime factors of z/4*(-69)/3?
23
Suppose 876 = 12*i - 816. What are the prime factors of i?
3, 47
Let t = 4965 + -3429. What are the prime factors of t?
2, 3
Suppose y = i, 2*y + 5*i - 9 = 5. Suppose -x + y*x - 21 = 0. What are the prime factors of x?
3, 7
Suppose 0*x + 4*x - 218 = -b, -5*b + 4*x + 994 = 0. What are the prime factors of b?
2, 101
Suppose -3*r - 1 = -13. Suppose -2*m + r*s + 632 = -s, -s = 2*m - 620. What are the prime factors of m?
311
Suppose 35 = i - 2*i. Let a be i/(-14) - 2/4. Suppose 0 = -a*u + 